{"id":24,"date":"2020-01-18T21:03:44","date_gmt":"2020-01-18T19:03:44","guid":{"rendered":"http:\/\/wordpress.siebenschlaefer-am-see.de\/?page_id=24"},"modified":"2026-03-25T20:43:15","modified_gmt":"2026-03-25T18:43:15","slug":"buchung","status":"publish","type":"page","link":"https:\/\/www.siebenschlaefer-am-see.de\/?page_id=24","title":{"rendered":"Buchung"},"content":{"rendered":"\n<figure class=\"wp-block-gallery has-nested-images columns-default is-cropped wp-block-gallery-1 is-layout-flex wp-block-gallery-is-layout-flex\">\n<figure class=\"wp-block-image size-large\"><img loading=\"lazy\" decoding=\"async\" width=\"1024\" height=\"576\" data-id=\"306\" src=\"https:\/\/www.siebenschlaefer-am-see.de\/wp-content\/uploads\/2017\/02\/bbac6972-39de-4f6d-b76b-81c902003b37.c10-1024x576.jpg\" alt=\"\" class=\"wp-image-306\" srcset=\"https:\/\/www.siebenschlaefer-am-see.de\/wp-content\/uploads\/2017\/02\/bbac6972-39de-4f6d-b76b-81c902003b37.c10.jpg 1024w, https:\/\/www.siebenschlaefer-am-see.de\/wp-content\/uploads\/2017\/02\/bbac6972-39de-4f6d-b76b-81c902003b37.c10-300x169.jpg 300w, https:\/\/www.siebenschlaefer-am-see.de\/wp-content\/uploads\/2017\/02\/bbac6972-39de-4f6d-b76b-81c902003b37.c10-768x432.jpg 768w\" sizes=\"auto, (max-width: 1024px) 100vw, 1024px\" \/><\/figure>\n<\/figure>\n\n\n\n<p class=\"has-text-align-center\" style=\"font-size:14px\"><strong>Die Mindestaufenthaltsdauer betr\u00e4gt je nach Saison 5 bis 10 N\u00e4chte<\/strong><\/p>\n\n\n\n<p class=\"has-text-align-center\">Buchungen sind auch \u00fcber <a href=\"https:\/\/www.ferienhausmiete.de\/33547.htm\"><strong>Ferienhausmiete<\/strong><\/a> m\u00f6glich, dort finden Sie au\u00dferdem unser <a href=\"https:\/\/www.ferienhausmiete.de\/33547.htm#bewertungen\">G\u00e4stebuch<\/a> [www.ferienhausmiete.de]<\/p>\n\n\n\n<p><\/p>\n\n\n\n<div class=\"wp-block-group\"><div class=\"wp-block-group__inner-container is-layout-flow wp-block-group-is-layout-flow\">\n<p><span style=\"font-family: Coming Soon;\"><script src=\"https:\/\/www.webplanner.de\/tools\/js\/6221-12800.js\" type=\"text\/javascript\"><\/script><iframe loading=\"lazy\" src=\"https:\/\/www.webplanner.de\/tools\/?6c34353b33333065343064343069\" name=\"webplanner12800\" width=\"100%\" height=\"1000\" frameborder=\"0\"><\/iframe><\/span><\/p>\n<\/div><\/div>\n\n\n\n<hr class=\"wp-block-separator has-css-opacity\"\/>\n\n\n\n<p class=\"has-text-align-center\"><a href=\"https:\/\/www.siebenschlaefer-am-see.de\/?page_id=825\" data-type=\"page\" data-id=\"825\">Impressum<\/a><\/p>\n","protected":false},"excerpt":{"rendered":"<p>Die Mindestaufenthaltsdauer betr\u00e4gt je nach Saison 5 bis 10 N\u00e4chte Buchungen sind auch \u00fcber Ferienhausmiete m\u00f6glich, dort finden Sie au\u00dferdem unser G\u00e4stebuch [www.ferienhausmiete.de] Impressum<\/p>\n","protected":false},"author":3,"featured_media":813,"parent":71,"menu_order":0,"comment_status":"closed","ping_status":"closed","template":"template-full-width.php","meta":{"footnotes":""},"class_list":["post-24","page","type-page","status-publish","has-post-thumbnail","hentry"],"jetpack_sharing_enabled":true,"_links":{"self":[{"href":"https:\/\/www.siebenschlaefer-am-see.de\/index.php?rest_route=\/wp\/v2\/pages\/24","targetHints":{"allow":["GET"]}}],"collection":[{"href":"https:\/\/www.siebenschlaefer-am-see.de\/index.php?rest_route=\/wp\/v2\/pages"}],"about":[{"href":"https:\/\/www.siebenschlaefer-am-see.de\/index.php?rest_route=\/wp\/v2\/types\/page"}],"author":[{"embeddable":true,"href":"https:\/\/www.siebenschlaefer-am-see.de\/index.php?rest_route=\/wp\/v2\/users\/3"}],"replies":[{"embeddable":true,"href":"https:\/\/www.siebenschlaefer-am-see.de\/index.php?rest_route=%2Fwp%2Fv2%2Fcomments&post=24"}],"version-history":[{"count":74,"href":"https:\/\/www.siebenschlaefer-am-see.de\/index.php?rest_route=\/wp\/v2\/pages\/24\/revisions"}],"predecessor-version":[{"id":1055,"href":"https:\/\/www.siebenschlaefer-am-see.de\/index.php?rest_route=\/wp\/v2\/pages\/24\/revisions\/1055"}],"up":[{"embeddable":true,"href":"https:\/\/www.siebenschlaefer-am-see.de\/index.php?rest_route=\/wp\/v2\/pages\/71"}],"wp:featuredmedia":[{"embeddable":true,"href":"https:\/\/www.siebenschlaefer-am-see.de\/index.php?rest_route=\/wp\/v2\/media\/813"}],"wp:attachment":[{"href":"https:\/\/www.siebenschlaefer-am-see.de\/index.php?rest_route=%2Fwp%2Fv2%2Fmedia&parent=24"}],"curies":[{"name":"wp","href":"https:\/\/api.w.org\/{rel}","templated":true}]}}